27 a factor of 35016729?
False
Is 1038 a factor of 57511428?
True
Does 1141 divide 36791545?
True
Does 1174 divide 88595910?
True
Does 2417 divide 60294102?
False
Does 384 divide 17169424?
False
Does 155 divide 14647345?
True
Is 158 a factor of 48079084?
True
Does 6 divide 543524300?
False
Is 729 a factor of 41422756?
False
Is 12594621 a multiple of 3?
True
Is 111367800 a multiple of 120?
True
Does 2 divide 284194420?
True
Does 322 divide 39355484?
True
Is 128 a factor of 47466163?
False
Is 85251768 a multiple of 28?
True
Is 6175271 a multiple of 9?
False
Is 903673682 a multiple of 20?
False
Is 54 a factor of 173198589?
False
Is 90 a factor of 78508170?
True
Is 460115120 a multiple of 89?
False
Is 907 a factor of 812985754?
False
Is 55 a factor of 940791?
False
Does 307 divide 5117390?
False
Is 2949 a factor of 132333426?
True
Is 131299136 a multiple of 559?
False
Does 3590 divide 983401520?
True
Does 1364 divide 305507356?
True
Is 51 a factor of 735204372?
True
Is 13 a factor of 3352783233?
False
Is 1644960330 a multiple of 18?
True
Is 701 a factor of 1142620006?
False
Is 389 a factor of 47657168?
True
Does 49 divide 13220248?
False
Does 159 divide 24265220?
False
Is 13820578 a multiple of 11?
False
Is 4558 a factor of 5825954125?
False
Does 1989 divide 53170300?
False
Does 944 divide 178287947?
False
Does 208 divide 89314500?
False
Is 1901386856 a multiple of 13?
False
Does 979 divide 28814907?
True
Is 111563778 a multiple of 967?
False
Is 227 a factor of 742536?
False
Does 537 divide 47396125?
False
Does 5158 divide 562030188?
False
Does 517 divide 7200776?
True
Is 471754569 a multiple of 41?
True
Is 219127290 a multiple of 80?
False
Is 31 a factor of 116762169?
False
Is 788 a factor of 85142740?
False
Does 65 divide 178278295?
True
Is 12 a factor of 63213840?
True
Does 364 divide 234205937?
False
Does 732 divide 32821081?
False
Is 1183179626 a multiple of 217?
False
Does 11942 divide 3645104428?
True
Does 13 divide 234901081?
False
Is 260 a factor of 111519558?
False
Does 12 divide 138968844?
True
Is 134 a factor of 86290774?
True
Does 20 divide 63957930?
False
Is 64 a factor of 363887481?
False
Does 276 divide 826149420?
True
Is 11 a factor of 545507671?
False
Does 2223 divide 1015313013?
True
Does 24 divide 124669776?
True
Is 42 a factor of 15621483?
False
Does 17 divide 18015427?
True
Is 381816 a multiple of 40?
False
Is 15 a factor of 17942970?
True
Is 2 a factor of 258000941?
False
Is 905729021 a multiple of 333?
False
Is 5708586 a multiple of 4?
False
Does 516 divide 81901638?
False
Does 9582 divide 1263043586?
False
Does 4423 divide 5756710220?
False
Is 6 a factor of 128986922?
False
Is 14972814 a multiple of 6?
True
Does 53 divide 665501549?
True
Is 75 a factor of 115303350?
True
Does 187 divide 68140556?
True
Is 63 a factor of 1090891?
False
Is 15 a factor of 1887785751?
False
Is 4258 a factor of 1149877731?
False
Does 24 divide 6954144?
True
Does 1720 divide 4417023?
False
Is 1398 a factor of 1212049224?
True
Is 478556898 a multiple of 4?
False
Does 1034 divide 30330724?
False
Is 2380030643 a multiple of 33?
False
Does 25 divide 55856804?
False
Is 14 a factor of 388937010?
True
Does 44 divide 905498322?
False
Is 8 a factor of 23276469?
False
Is 8 a factor of 12547088?
True
Is 23 a factor of 1660801986?
True
Is 955691863 a multiple of 26?
False
Does 103 divide 8816878?
False
Does 60 divide 202938480?
True
Is 218408290 a multiple of 6?
False
Is 726265330 a multiple of 4066?
False
Does 20 divide 89606788?
False
Is 29 a factor of 17568258?
True
Does 112 divide 28932446?
False
Does 11 divide 256951229?
False
Does 158 divide 33478620?
True
Does 91 divide 38373484?
False
Is 20 a factor of 981819540?
True
Does 64 divide 26083712?
True
Does 103 divide 1542933580?
False
Does 282 divide 16038750?
True
Does 1050 divide 114895200?
True
Is 29479116 a multiple of 2311?
True
Does 11 divide 57263117?
False
Is 26717224 a multiple of 5?
False
Is 422 a factor of 42949050?
True
Is 802753031 a multiple of 246?
False
Is 8 a factor of 225601363?
False
Is 1361 a factor of 2179645583?
True
Is 18911046 a multiple of 33?
True
Is 25 a factor of 2019097649?
False
Is 5043296618 a multiple of 23?
True
Does 982 divide 143173044?
False
Is 46 a factor of 1476075018?
False
Is 8056659 a multiple of 13?
True
Is 385124201 a multiple of 75?
False
Is 170987127 a multiple of 792?
False
Does 50 divide 10026800?
True
Does 3 divide 211925163?
True
Is 679013440 a multiple of 2240?
True
Does 3178 divide 604732086?
True
Is 1460672678 a multiple of 2941?
False
Is 48 a factor of 2193423264?
True
Does 118 divide 5279564?
False
Is 8 a factor of 173476356?
False
Does 4640 divide 116244673?
False
Does 97 divide 4806687?
False
Does 343 divide 227734287?
False
Is 1207 a factor of 931188706?
False
Does 25 divide 4391575?
True
Is 78536317 a multiple of 10?
False
Does 437 divide 126548645?
True
Is 1670 a factor of 81256067?
False
Does 70 divide 133584113?
False
Does 4 divide 1260668?
True
Is 49 a factor of 2505647291?
True
Is 8730502 a multiple of 22?
True
Is 68 a factor of 1019463951?
False
Is 168507300 a multiple of 65?
True
Is 70 a factor of 83386172?
False
Does 11733 divide 7389582876?
False
Does 38 divide 2738667011?
False
Does 5579 divide 302219950?
False
Is 615597578 a multiple of 369?
False
Is 90801057 a multiple of 566?
False
Is 10307 a factor of 3203305414?
False
Is 9246992 a multiple of 8?
True
Does 875 divide 2613604875?
True
Is 8 a factor of 59589923?
False
Is 11950540 a multiple of 20?
True
Is 15 a factor of 10995456?
False
Does 37 divide 2696499?
False
Is 573 a factor of 126912769?
False
Is 480 a factor of 13347360?
True
Does 92 divide 47534991?
False
Is 78164970 a multiple of 1290?
True
Is 307 a factor of 264439669?
True
Is 396 a factor of 1314705348?
True
Is 75864155 a multiple of 5?
True
Does 53 divide 268511091?
True
Does 503 divide 28543428?
False
Does 961 divide 10016494?
False
Does 491 divide 91882303?
True
Is 90361680 a multiple of 209?
False
Is 149258720 a multiple of 368?
False
Is 46117457 a multiple of 43?
True
Does 8 divide 2286702?
False
Does 8 divide 7779537?
False
Is 1388 a factor of 274143993?
False
Is 1637 a factor of 147851309?
False
Is 4483423974 a multiple of 1486?
True
Is 234 a factor of 483222215?
False
Is 38 a factor of 174866158?
True
Does 19 divide 18603926?
True
Does 775 divide 9910433?
False
Is 142169323 a multiple of 890?
False
Does 364 divide 203555716?
True
Is 1258163860 a multiple of 271?
False
Is 24656316 a multiple of 3?
True
Is 56958975 a multiple of 3725?
True
Is 306550730 a multiple of 28?
False
Is 19 a factor of 2274813?
True
Does 640 divide 33486720?
True
Does 19 divide 7749497?
False
Is 23 a factor of 1467856?
False
Does 643 divide 6489662041?
True
Does 68 divide 1875942038?
False
Is 101 a factor of 15924872?
True
Is 221 a factor of 61629165?
True
Does 435 divide 1001815599?
False
Is 16 a factor of 6134888134?
False
Is 4946803 a multiple of 6?
False
Is 32 a factor of 40334368?
True
Is 404111407 a multiple of 3600?
False
Is 29 a factor of 320065373?
True
Is 261341685 a multiple of 1245?
True
Is 120881761 a multiple of 860?
False
Is 1983341258 a multiple of 502?
True
Is 14 a factor of 88901092?
True
Is 2785 a factor of 80177365?
True
Is 2246404599 a multiple of 57?
True
Is 27731504 a multiple of 16?
True
Does 2 divide 42195635?
False
Is 9755128 a multiple of 8?
True
Is 2163351724 a multiple of 2221?
True
Is 115 a factor of 205763876?
False
Does 251 divide 347377555?
False
Is 23 a factor of 39090340?
True
Is 125347819 a multiple of 3?
False
Is 17 a factor of 264497322?
True
Does 68 divide 837711271?
False
Is 259 a factor of 767491109?
False
Is 8 a factor of 10793896?
True
Is 45 a factor of 28510497?
False
Is 297 a factor of 817646346?
True
Does 37 divide 12088270?
True
Does 2538 divide 70248793?
False
Is 27790150 a multiple of 133?
False
Is 52 a factor of 53995453?
False
Is 76251225 a multiple of 6?
False
Is 164742943 a multiple of 426?
False
Is 27535000 a multiple of 50?
True
Does 416 divide 8832145?
False
Is 968 a factor of 68387015?
False
Does 58 divide 176126280?
True
Does 1332 divide 4030834?
False
Is 46 a factor of 84421214?
False
Is 154 a factor of 680694415?
False
Does 15505 divide 2185476265?
True
Does 83 divide 3657395?
Tr